 c(-3)?
-3
Let h(d) = 11*d**2 + d - 1. What is h(-2)?
41
Let t(m) = -m**3 + 5*m**2 + 11*m + 6. Give t(7).
-15
Let l(p) = 19*p + 184. Give l(-11).
-25
Let v(c) = -c**2 - 4*c + 5. Give v(-2).
9
Let o(h) = h**3 + 8*h**2 - 2*h - 30. Determine o(-8).
-14
Let j(q) = -21*q**3 - 2*q + 1. What is j(1)?
-22
Let s(o) = -11*o - 81. Calculate s(-11).
40
Let i(w) = w**3 + w**2 - 3*w + 2. What is i(-4)?
-34
Let j(h) = h**2 - 11*h + 16. Calculate j(7).
-12
Let g(u) = u**3 - 7*u**2 - 9*u + 5. Give g(8).
-3
Let p(q) = q**3 - 10*q**2 + 26*q - 47. What is p(7)?
-12
Let v(a) = -a**3 - 5*a**2 - 7*a - 7. Determine v(-4).
5
Let o(d) = 3*d - 45. Determine o(15).
0
Let o(n) = 10*n + 42. Calculate o(6).
102
Let o(p) = -p**3 - 4*p**2 - 2*p - 1. Calculate o(0).
-1
Let z(y) = -2*y - 39. Determine z(-19).
-1
Let i(d) = d**3 + 8*d**2 + 3*d + 17. Give i(-9).
-91
Let f(v) = 7*v + 4. Calculate f(2).
18
Let n(t) = -91*t - 10. Give n(-1).
81
Let k(z) = -9*z - 4. Give k(-2).
14
Let g(q) = -2*q + 26. Give g(13).
0
Let o(a) = -9*a + 74. Give o(8).
2
Let f(l) = l**3 - 8*l**2 + 7*l - 10. Calculate f(7).
-10
Let z(s) = s**2 + 3*s - 2. Give z(1).
2
Let v(o) = -o**3 - 5*o**2 + 11*o + 35. Calculate v(-6).
5
Let x(m) = -m**3 + 5*m**2 - 4*m - 5. Give x(3).
1
Let l(t) = t + 2. Calculate l(-4).
-2
Let p(u) = -21*u + 2. Determine p(0).
2
Let g(s) = s**2 + 22*s + 40. Give g(-20).
0
Let h(u) = u**2 + 17*u - 8. Determine h(-14).
-50
Let u(h) = 2*h**2 - 21*h - 2. Calculate u(10).
-12
Let n(s) = -s + 6. Determine n(-3).
9
Let s(n) = n**3 - 6*n**2 + 3*n - 4. Determine s(6).
14
Let y(x) = 40*x - 2. What is y(-1)?
-42
Let v(h) = -7*h - 2. Calculate v(4).
-30
Let r(h) = 3*h**2 + 12*h + 1. Determine r(-4).
1
Let n(q) = -2*q**3 + 2*q**2 + 5*q - 6. Give n(2).
-4
Let m(k) = -k - 4. What is m(3)?
-7
Let j(x) = x**3 - 10*x**2 + 7*x + 13. What is j(9)?
-5
Let x(i) = 3*i + 7. Give x(-6).
-11
Let l(x) = 2*x**3 - 3*x - 5. What is l(0)?
-5
Let m(o) = -o**3 + 12*o**2 - o + 6. Give m(12).
-6
Let y(g) = -g**2 + 16*g - 13. Calculate y(8).
51
Let y(m) = 2*m + 9. Calculate y(-9).
-9
Let m(q) = -9*q**3 - 2*q**2 + 4*q. Determine m(2).
-72
Let o(j) = -j**2 - 10*j + 11. Determine o(1).
0
Let j(f) = f**2 - 142*f - 1511. Give j(-10).
9
Let i(r) = -r**3 - 3*r**2 + r - 7. What is i(-4)?
5
Let p(d) = d**2 - d - 1. Determine p(2).
1
Let z(i) = -i**3 - 8*i**2 - 7*i - 1. Give z(-7).
-1
Let o(p) = p**3 + 2*p**2 - 22. Determine o(0).
-22
Let u(l) = -l**3 + 9*l**2 + 24*l - 6. Give u(11).
16
Let t(k) = k + 8. What is t(-6)?
2
Let q(x) = -x**2 + 41*x + 136. Determine q(-3).
4
Let t(p) = -2*p**2 + 17*p - 5. What is t(8)?
3
Let v(n) = n + 2. Calculate v(-4).
-2
Let t(i) = i**3 + 6*i**2 - 4*i + 8. What is t(-6)?
32
Let j(o) = -7*o**2 - 7*o + 13. Calculate j(3).
-71
Let s(i) = 2*i**3 + 17*i**2 + 11*i + 17. Give s(-8).
-7
Let i(t) = t**3 - 6*t**2 + 8*t - 4. Determine i(4).
-4
Let w(n) = n**3 + 3*n**2 - 3*n - 3. What is w(-3)?
6
Let h(b) = -b**2 + 27*b + 2. Give h(27).
2
Let r(j) = 4*j - 14. Determine r(19).
62
Let p(a) = -a**3 - 2*a**2 + 2*a - 4. Calculate p(-3).
-1
Let w(b) = b**3 - 5*b**2 + 3*b - 6. Determine w(4).
-10
Let a(y) = y**2 + 6*y + 8. Calculate a(-5).
3
Let c(w) = w**3 - 25*w**2 + 43*w + 63. What is c(23)?
-6
Let q(x) = x**2 - 3*x - 3. Calculate q(3).
-3
Let m(c) = -c**2 + 23*c - 119. Determine m(11).
13
Let y(r) = r**3 - 8*r**2 - 7*r + 19. What is y(9)?
37
Let y(o) = -o**2 + 4*o + 5. What is y(6)?
-7
Let y(c) = -c**3 + 8*c**2 + 8*c + 8. Give y(9).
-1
Let s(l) = -l**3 + 8*l**2 + 3*l + 9. Give s(9).
-45
Let k(h) = -5*h**2 + 23*h + 4. Give k(6).
-38
Let x(c) = 10*c**3 - 2*c**2 + 1. Calculate x(-1).
-11
Let g(x) = -3*x**2 + 33*x - 36. What is g(12)?
-72
Let l(n) = n**2 + 34*n + 11. What is l(-31)?
-82
Let y(k) = 21*k + 91. Determine y(-4).
7
Let m(c) = 5*c - 1. Give m(1).
4
Let b(x) = -18*x + 122. Determine b(7).
-4
Let q(m) = m**2 + 5*m + 5. Determine q(-3).
-1
Let x(u) = -u - 2. Calculate x(6).
-8
Let g(d) = d**2 - 2. Give g(3).
7
Let n(b) = -77*b + 1. Give n(-1).
78
Let g(b) = b**2 - 26. Give g(5).
-1
Let d(o) = -o**3 - 10*o**2 - o - 17. Calculate d(-10).
-7
Let h(i) = -2*i**3 - 32*i**2 - 54*i + 21. Determine h(-14).
-7
Let f(a) = -a**2 - 15*a - 34. Calculate f(-13).
-8
Let x(h) = -39*h + 13. Give x(-3).
130
Let g(c) = -c - 3. Determine g(3).
-6
Let t(k) = -10*k + 5. Determine t(7).
-65
Let o(k) = -13*k - 146. What is o(-12)?
10
Let b(j) = j**3 + 2*j**2 - 11*j - 6. Calculate b(0).
-6
Let v(j) = j**3 + 2*j**2 - 5*j + 11. Give v(-4).
-1
Let z(i) = -11*i - 7. Determine z(-8).
81
Let o(d) = d**3 - 8*d**2 + 2*d - 19. Determine o(8).
-3
Let f(d) = -d**2 - 10*d + 5. What is f(-11)?
-6
Let r(w) = -w**2 + 9*w - 13. Determine r(9).
-13
Let g(c) = -c**3 - 5*c**2 - 2*c + 7. Give g(-4).
-1
Let m(z) = 2*z**3 - 3*z**2 + 3*z - 5. Give m(2).
5
Let b(f) = -4*f**2 + 5*f - 2. What is b(2)?
-8
Let l(b) = -26*b**2 + 2*b. Give l(-1).
-28
Let u(o) = -2*o + 10. Give u(8).
-6
Let i(y) = y**2 - y - 1. What is i(5)?
19
Let c(g) = 3*g**2 + 3*g + 2. Give c(-1).
2
Let z(u) = 19*u - 264. Give z(14).
2
Let y(c) = 4*c - 82. Calculate y(17).
-14
Let q(g) = g**3 + 8*g**2 + 10. Calculate q(-8).
10
Let y(o) = -4*o**2 + 71*o - 20. What is y(18)?
-38
Let m(o) = o**3 - 27*o**2 + 26*o - 3. Determine m(26).
-3
Let x(b) = 7*b + 40. Determine x(-6).
-2
Let h(z) = z**2 + 7*z - 3. Give h(-6).
-9
Let h(l) = l**3 + 21*l**2 - 2*l - 51. Determine h(-21).
-9
Let v(o) = o + 8. Determine v(-8).
0
Let k(f) = -114*f - 1488. What is k(-13)?
-6
Let p(n) = n**2 + 18*n + 36. Calculate p(-15).
-9
Let u(h) = -h**2 + 26*h - 14. Calculate u(25).
11
Let n(s) = s**2 + 7*s - 11. Calculate n(-9).
7
Let g(u) = u**2 - 31*u + 54. Give g(2).
-4
Let n(w) = 2*w - 1. What is n(2)?
3
Let g(o) = -3*o**2 - 3*o + 18. Give g(-5).
-42
Let j(p) = -p - 11. Calculate j(5).
-16
Let s(w) = w**3 + 10*w**2 - 39*w. What is s(-13)?
0
Let f(j) = -3*j - 34. Determine f(-10).
-4
Let f(m) = 4*m + 33. Determine f(-7).
5
Let v(r) = -2*r**2 + 160*r - 309. Determine v(78).
3
Let y(s) = 2*s**3 - 17*s**2 + 11*s. What is y(8)?
24
Let q(c) = -c + 22. Calculate q(12).
10
Let o(m) = 6*m + 47. Determine o(-9).
-7
Let b(l) = -l**2 - 12*l - 8. Determine b(-11).
3
Let c(u) = u**2 + 17*u + 8. What is c(-15)?
-22
Let i(x) = -2*x - 1. Determine i(-3).
5
Let h(r) = 8*r**2 + 13*r - 2. What is h(-2)?
4
Let q(j) = j**3 + 6*j**2 - 13*j - 92. What is q(-6)?
-14
Let t(j) = -3*j + 54. Calculate t(17).
3
Let m(o) = 3*o - 5. What is m(-5)?
-20
Let l(u) = -u**2 - 14*u + 17. Give l(-15).
2
Let x(q) = -q**3 + 4*q**2 + 9*q + 7. What is x(5)?
27
Let y(h) = -3*h + 7. Calculate y(-8).
31
Let u(p) = p**2 + 20*p - 2. Calculate u(-20).
-2
Let g(d) = -2*d**2 + 10*d + 7. Calculate g(5).
7
Let n(g) = g**3 + 4*g**2 - 8*g - 14. What is n(-6)?
-38
Let f(d) = -75*d + 63. Determine f(1).
-12
Let h(r) = -r**3 + 21*r**2 - 20*r + 3. Determine h(20).
3
Let c(d) = -d**3 + 37*d**2 - 2*d + 92. What is c(37)?
18
Let m(l) = l**2 - 39*l + 4. Calculate m(39).
4
Let m(z) = -z - 11. Give m(-18).
7
Let s(x) = 64*x - 53. Determine s(1).
11
Let f(j) = -j**3 + 7*j**2 + 4*j - 28. What is f(7)?
0
Let g(f) = -f + 11. Determine g(13).
-2
Let y(o) = o + 25. Calculate y(0).
25
Let o(r) = r**3 - 2*r - 1. What is o(3)?
20
Let b(s) = 4*s - 16. What is b(6)?
8
Let z(c) = c**3 + 25*c**2 - 21*c + 85. What is z(-26)?
-45
Let j(l) = l**3 - 10*l**2 - 2*l + 26. Calculate j(10).
6
Let h(o) = -o**3 - 5*o**2 + 8*o - 4. Give h(-6).
-16
Let o(w) = -w - 7. Calculate o(4).
-11
Let d(a) = 5*a**3 - 2*a**2 - 2*a. Calculate d(-2).
-44
Let k(v) = -66*v - 184. Calculate k(-3).
14
Let u(i) = -4*i**2 + 11*i - 10. Calculate u(6).
-88
Let z(i) = -i**3 - 8*i**2 + 12*i + 20. Calculate z(-9).
-7
Let s(y) = -3*y**3 + y**2 + 5*y + 3. Determine s(3).
-54
Let f(w) = -w**2 + 46*w - 138. Calculate f(43).
-9
Let g(j) = -3*j**2 - 2*j + 5. Calculate g(-3).
-16
Let m(q) = -q**3 - 18*q**2 - 75*q - 28. Give m(-12).
8
Let d(a) = 10*a**2 + 74*a + 4. What is d(-7)?
-24
Let u(z) = -3*z - 13. What is u(-4)?
-1
Let u(c) = -c**3 - 3*c**2 + 12*c + 13. Determine u(-6).
49
Let f(d) = d**2 + 13*d - 15. Calculate f(-13).
-15
Let g(f) = 4*f - 67. Give g(12).
-19
Let d(f) = -f**2 + 19*f + 1. Give d(19).
1
Let r(y) = -y**3 + y - 9. What is r(0)?
-9
Let o(y) = 2*y**2 + 7*y - 2. Calculate o(-4).
2
Let z(k) = k**2 + 12*k + 2. Give z(-9).
-2